{"id":1032,"date":"2023-04-08T06:32:22","date_gmt":"2023-04-08T04:32:22","guid":{"rendered":"https:\/\/abaacademy.builderallwppro.com\/?page_id=1032"},"modified":"2023-04-10T04:02:15","modified_gmt":"2023-04-10T02:02:15","slug":"coaching","status":"publish","type":"page","link":"https:\/\/abaacademy.builderallwppro.com\/?page_id=1032","title":{"rendered":"Coaching"},"content":{"rendered":"\t\t<div data-elementor-type=\"wp-page\" data-elementor-id=\"1032\" class=\"elementor elementor-1032\">\n\t\t\t\t\t\t\t\t\t<section class=\"elementor-section elementor-top-section elementor-element elementor-element-63b5c513 elementor-section-stretched elementor-section-boxed elementor-section-height-default elementor-section-height-default wpr-particle-no wpr-jarallax-no wpr-parallax-no\" data-id=\"63b5c513\" data-element_type=\"section\" data-settings=\"{&quot;background_background&quot;:&quot;classic&quot;,&quot;stretch_section&quot;:&quot;section-stretched&quot;}\">\n\t\t\t\t\t\t\t<div class=\"elementor-background-overlay\"><\/div>\n\t\t\t\t\t\t\t<div class=\"elementor-container elementor-column-gap-no\">\n\t\t\t\t\t<div class=\"elementor-column elementor-col-50 elementor-top-column elementor-element elementor-element-6cb03e78\" data-id=\"6cb03e78\" data-element_type=\"column\">\n\t\t\t<div class=\"elementor-widget-wrap elementor-element-populated\">\n\t\t\t\t\t\t\t\t<div class=\"elementor-element elementor-element-13cdf9e6 elementor-widget elementor-widget-heading\" data-id=\"13cdf9e6\" data-element_type=\"widget\" data-widget_type=\"heading.default\">\n\t\t\t\t<div class=\"elementor-widget-container\">\n\t\t\t<style>\/*! elementor - v3.14.0 - 26-06-2023 *\/\n.elementor-heading-title{padding:0;margin:0;line-height:1}.elementor-widget-heading .elementor-heading-title[class*=elementor-size-]>a{color:inherit;font-size:inherit;line-height:inherit}.elementor-widget-heading .elementor-heading-title.elementor-size-small{font-size:15px}.elementor-widget-heading .elementor-heading-title.elementor-size-medium{font-size:19px}.elementor-widget-heading .elementor-heading-title.elementor-size-large{font-size:29px}.elementor-widget-heading .elementor-heading-title.elementor-size-xl{font-size:39px}.elementor-widget-heading .elementor-heading-title.elementor-size-xxl{font-size:59px}<\/style><h1 class=\"elementor-heading-title elementor-size-default\">R\u00e9ussissez dans le monde digital avec notre offre de coaching personnalis\u00e9 <\/h1>\t\t<\/div>\n\t\t\t\t<\/div>\n\t\t\t\t<div class=\"elementor-element elementor-element-764d6457 elementor-widget elementor-widget-text-editor\" data-id=\"764d6457\" data-element_type=\"widget\" data-widget_type=\"text-editor.default\">\n\t\t\t\t<div class=\"elementor-widget-container\">\n\t\t\t<style>\/*! elementor - v3.14.0 - 26-06-2023 *\/\n.elementor-widget-text-editor.elementor-drop-cap-view-stacked .elementor-drop-cap{background-color:#69727d;color:#fff}.elementor-widget-text-editor.elementor-drop-cap-view-framed .elementor-drop-cap{color:#69727d;border:3px solid;background-color:transparent}.elementor-widget-text-editor:not(.elementor-drop-cap-view-default) .elementor-drop-cap{margin-top:8px}.elementor-widget-text-editor:not(.elementor-drop-cap-view-default) .elementor-drop-cap-letter{width:1em;height:1em}.elementor-widget-text-editor .elementor-drop-cap{float:left;text-align:center;line-height:1;font-size:50px}.elementor-widget-text-editor .elementor-drop-cap-letter{display:inline-block}<\/style>\t\t\t\t<p>En suivant nos s\u00e9ances de coaching sur le digital, vous allez pouvoir d\u00e9velopper votre pr\u00e9sence en ligne et augmenter vos ventes!<\/p>\t\t\t\t\t\t<\/div>\n\t\t\t\t<\/div>\n\t\t\t\t<div class=\"elementor-element elementor-element-180b74ea elementor-button-warning elementor-align-center elementor-widget elementor-widget-button\" data-id=\"180b74ea\" data-element_type=\"widget\" data-widget_type=\"button.default\">\n\t\t\t\t<div class=\"elementor-widget-container\">\n\t\t\t\t\t<div class=\"elementor-button-wrapper\">\n\t\t\t<a class=\"elementor-button elementor-button-link elementor-size-sm\" href=\"https:\/\/abaacademy.builderallwppro.com\/?page_id=1032#coaching\">\n\t\t\t\t\t\t<span class=\"elementor-button-content-wrapper\">\n\t\t\t\t\t\t<span class=\"elementor-button-icon elementor-align-icon-left\">\n\t\t\t\t<i aria-hidden=\"true\" class=\"far fa-arrow-alt-circle-down\"><\/i>\t\t\t<\/span>\n\t\t\t\t\t\t<span class=\"elementor-button-text\">R\u00e9server votre s\u00e9ance de coaching <\/span>\n\t\t<\/span>\n\t\t\t\t\t<\/a>\n\t\t<\/div>\n\t\t\t\t<\/div>\n\t\t\t\t<\/div>\n\t\t\t\t\t<\/div>\n\t\t<\/div>\n\t\t\t\t<div class=\"elementor-column elementor-col-50 elementor-top-column elementor-element elementor-element-912d356\" data-id=\"912d356\" data-element_type=\"column\">\n\t\t\t<div class=\"elementor-widget-wrap elementor-element-populated\">\n\t\t\t\t\t\t\t\t<div class=\"elementor-element elementor-element-5c44e27 elementor-widget elementor-widget-image\" data-id=\"5c44e27\" data-element_type=\"widget\" data-widget_type=\"image.default\">\n\t\t\t\t<div class=\"elementor-widget-container\">\n\t\t\t<style>\/*! elementor - v3.14.0 - 26-06-2023 *\/\n.elementor-widget-image{text-align:center}.elementor-widget-image a{display:inline-block}.elementor-widget-image a img[src$=\".svg\"]{width:48px}.elementor-widget-image img{vertical-align:middle;display:inline-block}<\/style>\t\t\t\t\t\t\t\t\t\t\t\t<img decoding=\"async\" loading=\"lazy\" width=\"1024\" height=\"606\" src=\"https:\/\/abaacademy.builderallwppro.com\/wp-content\/uploads\/2023\/04\/9-1024x606.png\" class=\"attachment-large size-large wp-image-1580\" alt=\"\" srcset=\"https:\/\/abaacademy.builderallwppro.com\/wp-content\/uploads\/2023\/04\/9-1024x606.png 1024w, https:\/\/abaacademy.builderallwppro.com\/wp-content\/uploads\/2023\/04\/9-300x178.png 300w, https:\/\/abaacademy.builderallwppro.com\/wp-content\/uploads\/2023\/04\/9-768x454.png 768w, https:\/\/abaacademy.builderallwppro.com\/wp-content\/uploads\/2023\/04\/9-1536x909.png 1536w, https:\/\/abaacademy.builderallwppro.com\/wp-content\/uploads\/2023\/04\/9.png 1920w\" sizes=\"(max-width: 1024px) 100vw, 1024px\" \/>\t\t\t\t\t\t\t\t\t\t\t\t\t\t\t<\/div>\n\t\t\t\t<\/div>\n\t\t\t\t\t<\/div>\n\t\t<\/div>\n\t\t\t\t\t\t\t<\/div>\n\t\t<\/section>\n\t\t\t\t<section class=\"elementor-section elementor-top-section elementor-element elementor-element-eab8309 elementor-section-stretched elementor-section-boxed elementor-section-height-default elementor-section-height-default wpr-particle-no wpr-jarallax-no wpr-parallax-no wpr-sticky-section-no\" data-id=\"eab8309\" data-element_type=\"section\" id=\"coaching\" data-settings=\"{&quot;stretch_section&quot;:&quot;section-stretched&quot;,&quot;background_background&quot;:&quot;classic&quot;}\">\n\t\t\t\t\t\t<div class=\"elementor-container elementor-column-gap-default\">\n\t\t\t\t\t<div class=\"elementor-column elementor-col-100 elementor-top-column elementor-element elementor-element-21000f7\" data-id=\"21000f7\" data-element_type=\"column\">\n\t\t\t<div class=\"elementor-widget-wrap elementor-element-populated\">\n\t\t\t\t\t\t\t\t<div class=\"elementor-element elementor-element-2958d15 elementor-widget elementor-widget-heading\" data-id=\"2958d15\" data-element_type=\"widget\" data-widget_type=\"heading.default\">\n\t\t\t\t<div class=\"elementor-widget-container\">\n\t\t\t<h2 class=\"elementor-heading-title elementor-size-default\">Pourquoi prendre un rendez-vous de coaching ?<\/h2>\t\t<\/div>\n\t\t\t\t<\/div>\n\t\t\t\t\t<\/div>\n\t\t<\/div>\n\t\t\t\t\t\t\t<\/div>\n\t\t<\/section>\n\t\t\t\t<section class=\"elementor-section elementor-top-section elementor-element elementor-element-579ac041 elementor-section-stretched elementor-section-boxed elementor-section-height-default elementor-section-height-default wpr-particle-no wpr-jarallax-no wpr-parallax-no wpr-sticky-section-no\" data-id=\"579ac041\" data-element_type=\"section\" data-settings=\"{&quot;stretch_section&quot;:&quot;section-stretched&quot;,&quot;background_background&quot;:&quot;classic&quot;}\">\n\t\t\t\t\t\t<div class=\"elementor-container elementor-column-gap-default\">\n\t\t\t\t\t<div class=\"elementor-column elementor-col-50 elementor-top-column elementor-element elementor-element-3dc3f51d\" data-id=\"3dc3f51d\" data-element_type=\"column\">\n\t\t\t<div class=\"elementor-widget-wrap elementor-element-populated\">\n\t\t\t\t\t\t\t\t<div class=\"elementor-element elementor-element-4d59550b elementor-widget elementor-widget-text-editor\" data-id=\"4d59550b\" data-element_type=\"widget\" data-widget_type=\"text-editor.default\">\n\t\t\t\t<div class=\"elementor-widget-container\">\n\t\t\t\t\t\t\t<p>Notre programme de coaching digital est la solution qu&#8217;il vous faut. Nous sommes une \u00e9quipe d&#8217;experts passionn\u00e9s par le digital et sp\u00e9cialis\u00e9s dans la formation de chefs d&#8217;entreprise comme vous. Nous vous offrons un accompagnement personnalis\u00e9 pour vous aider \u00e0 cr\u00e9er des strat\u00e9gies digitales efficaces, \u00e0 mettre en place des campagnes publicitaires rentables, et \u00e0 optimiser votre pr\u00e9sence sur les r\u00e9seaux sociaux.<\/p><p>Notre approche est unique : nous nous adaptons \u00e0 vos besoins et \u00e0 votre rythme, pour vous offrir un coaching sur mesure et adapt\u00e9 \u00e0 votre entreprise. Nous vous aidons \u00e0 comprendre les outils digitaux les plus performants pour votre secteur d&#8217;activit\u00e9, et nous vous apprenons \u00e0 les utiliser pour atteindre vos objectifs<\/p>\t\t\t\t\t\t<\/div>\n\t\t\t\t<\/div>\n\t\t\t\t<div class=\"elementor-element elementor-element-cd7ede6 elementor-widget elementor-widget-text-editor\" data-id=\"cd7ede6\" data-element_type=\"widget\" data-widget_type=\"text-editor.default\">\n\t\t\t\t<div class=\"elementor-widget-container\">\n\t\t\t\t\t\t\t<p>Reservez un <strong>ONE to ONE<\/strong> qui vous permettra de cr\u00e9er une strat\u00e9gie de communication \u00e9fficace pour doubler ou tripler votre chiffre d&#8217;affaire !<\/p>\t\t\t\t\t\t<\/div>\n\t\t\t\t<\/div>\n\t\t\t\t<div class=\"elementor-element elementor-element-1d12fe49 wpr-button-icon-style-inline wpr-button-icon-position-right elementor-widget elementor-widget-wpr-button\" data-id=\"1d12fe49\" data-element_type=\"widget\" data-widget_type=\"wpr-button.default\">\n\t\t\t\t<div class=\"elementor-widget-container\">\n\t\t\t\t\n\t\t\t\n\t\t\n\t\t<div class=\"wpr-button-wrap elementor-clearfix\">\n\t\t<a class=\"wpr-button wpr-button-effect wpr-button-none\" data-text=\"Go\" href=\"https:\/\/booking.builderall.com\/c\/emmanuel-demanou\/80e88f37de34dadf36d3877cf2fd2371\/ZOVWpGNm\">\n\t\t\t\n\t\t\t<span class=\"wpr-button-content\">\n\t\t\t\t\t\t\t\t\t<span class=\"wpr-button-text\">Je prends rendez-vous  (1 heure : 47\u20ac) <\/span>\n\t\t\t\t\t\t\t\t\n\t\t\t\t\t\t\t<\/span>\n\t\t<\/a>\n\n\t\t\t\t<\/div>\n\t\n\t\n\t\t\t<\/div>\n\t\t\t\t<\/div>\n\t\t\t\t\t<\/div>\n\t\t<\/div>\n\t\t\t\t<div class=\"elementor-column elementor-col-50 elementor-top-column elementor-element elementor-element-59ff011e\" data-id=\"59ff011e\" data-element_type=\"column\">\n\t\t\t<div class=\"elementor-widget-wrap elementor-element-populated\">\n\t\t\t\t\t\t\t\t<div class=\"elementor-element elementor-element-6bdd3465 elementor-widget elementor-widget-image\" data-id=\"6bdd3465\" data-element_type=\"widget\" data-widget_type=\"image.default\">\n\t\t\t\t<div class=\"elementor-widget-container\">\n\t\t\t\t\t\t\t\t\t\t\t\t\t\t\t<img decoding=\"async\" loading=\"lazy\" width=\"1024\" height=\"683\" src=\"https:\/\/abaacademy.builderallwppro.com\/wp-content\/uploads\/2023\/04\/Sans-titre-48-1-1024x683.png\" class=\"attachment-large size-large wp-image-1595\" alt=\"\" srcset=\"https:\/\/abaacademy.builderallwppro.com\/wp-content\/uploads\/2023\/04\/Sans-titre-48-1-1024x683.png 1024w, https:\/\/abaacademy.builderallwppro.com\/wp-content\/uploads\/2023\/04\/Sans-titre-48-1-300x200.png 300w, https:\/\/abaacademy.builderallwppro.com\/wp-content\/uploads\/2023\/04\/Sans-titre-48-1-768x512.png 768w, https:\/\/abaacademy.builderallwppro.com\/wp-content\/uploads\/2023\/04\/Sans-titre-48-1-1536x1024.png 1536w, https:\/\/abaacademy.builderallwppro.com\/wp-content\/uploads\/2023\/04\/Sans-titre-48-1.png 1920w\" sizes=\"(max-width: 1024px) 100vw, 1024px\" \/>\t\t\t\t\t\t\t\t\t\t\t\t\t\t\t<\/div>\n\t\t\t\t<\/div>\n\t\t\t\t\t<\/div>\n\t\t<\/div>\n\t\t\t\t\t\t\t<\/div>\n\t\t<\/section>\n\t\t\t\t\t\t\t<\/div>\n\t\t","protected":false},"excerpt":{"rendered":"<p>R\u00e9ussissez dans le monde digital avec notre offre de coaching personnalis\u00e9 En suivant nos s\u00e9ances de coaching sur le digital, vous allez pouvoir d\u00e9velopper votre pr\u00e9sence en ligne et augmenter &hellip;<\/p>\n<p class=\"read-more\"> <a class=\"\" href=\"https:\/\/abaacademy.builderallwppro.com\/?page_id=1032\"> <span class=\"screen-reader-text\">Coaching<\/span> Lire la suite\u00a0\u00bb<\/a><\/p>\n","protected":false},"author":1,"featured_media":0,"parent":0,"menu_order":0,"comment_status":"closed","ping_status":"closed","template":"","meta":{"site-sidebar-layout":"default","site-content-layout":"default","ast-global-header-display":"","ast-main-header-display":"","ast-hfb-above-header-display":"","ast-hfb-below-header-display":"","ast-hfb-mobile-header-display":"","site-post-title":"","ast-breadcrumbs-content":"","ast-featured-img":"","footer-sml-layout":"","theme-transparent-header-meta":"","adv-header-id-meta":"","stick-header-meta":"","header-above-stick-meta":"","header-main-stick-meta":"","header-below-stick-meta":"","footnotes":""},"_links":{"self":[{"href":"https:\/\/abaacademy.builderallwppro.com\/index.php?rest_route=\/wp\/v2\/pages\/1032"}],"collection":[{"href":"https:\/\/abaacademy.builderallwppro.com\/index.php?rest_route=\/wp\/v2\/pages"}],"about":[{"href":"https:\/\/abaacademy.builderallwppro.com\/index.php?rest_route=\/wp\/v2\/types\/page"}],"author":[{"embeddable":true,"href":"https:\/\/abaacademy.builderallwppro.com\/index.php?rest_route=\/wp\/v2\/users\/1"}],"replies":[{"embeddable":true,"href":"https:\/\/abaacademy.builderallwppro.com\/index.php?rest_route=%2Fwp%2Fv2%2Fcomments&post=1032"}],"version-history":[{"count":31,"href":"https:\/\/abaacademy.builderallwppro.com\/index.php?rest_route=\/wp\/v2\/pages\/1032\/revisions"}],"predecessor-version":[{"id":1623,"href":"https:\/\/abaacademy.builderallwppro.com\/index.php?rest_route=\/wp\/v2\/pages\/1032\/revisions\/1623"}],"wp:attachment":[{"href":"https:\/\/abaacademy.builderallwppro.com\/index.php?rest_route=%2Fwp%2Fv2%2Fmedia&parent=1032"}],"curies":[{"name":"wp","href":"https:\/\/api.w.org\/{rel}","templated":true}]}}